
2220
In base 3, what is 102221 - -12?
110010
In base 14, what is -2354 + -1?
-2355
In base 10, what is 2229 + 4?
2233
In base 11, what is -a + 22?
13
In base 15, what is -5 - 90?
-95
In base 10, what is 54 - 11?
43
In base 15, what is 3 - -60a?
60d
In base 15, what is 1b - 14?
7
In base 12, what is -170 + -4?
-174
In base 10, what is 3 + -72?
-69
In base 8, what is 343 + 0?
343
In base 3, what is 1212 - -2?
1221
In base 14, what is -22 + 5?
-1b
In base 9, what is 3 + -2717?
-2714
In base 2, what is -101 + 1000?
11
In base 4, what is -231 - -10?
-221
In base 5, what is 2 - -101?
103
In base 10, what is 12 - 76?
-64
In base 9, what is -1385 - 3?
-1388
In base 2, what is -110100 - 10001011?
-10111111
In base 3, what is 111 + 100?
211
In base 12, what is 472 - -9?
47b
In base 15, what is 3 + -213?
-210
In base 15, what is c7 - -4?
cb
In base 3, what is 1 - 1100?
-1022
In base 9, what is 2243 - 1?
2242
In base 6, what is 102 + 3?
105
In base 4, what is 2020 - 0?
2020
In base 14, what is -5 + 97?
92
In base 13, what is 485 - -b?
493
In base 11, what is 5 + 97?
a1
In base 2, what is 10111 - 1010000?
-111001
In base 15, what is -72 - 46?
-b8
In base 10, what is -7 + -18?
-25
In base 8, what is -11 + -17?
-30
In base 5, what is 3212 + 2?
3214
In base 15, what is -4 + -26?
-2a
In base 14, what is -4 + 28?
24
In base 2, what is -1110000 + -101000?
-10011000
In base 15, what is -c2 + 2?
-c0
In base 16, what is -3 + -49c?
-49f
In base 6, what is 111 - -11?
122
In base 7, what is -1 + -25016?
-25020
In base 15, what is 35 - -b?
41
In base 10, what is -2 + -35?
-37
In base 3, what is -2 - -2221?
2212
In base 10, what is 2 + -29?
-27
In base 4, what is -11 - -1110?
1033
In base 13, what is 15b2 + 3?
15b5
In base 8, what is -1163 - 1?
-1164
In base 2, what is -11 + 1001011010?
1001010111
In base 7, what is 6 + -1234?
-1225
In base 11, what is -46 + 3?
-43
In base 16, what is -56 + -44?
-9a
In base 4, what is 100 - 1?
33
In base 9, what is 32 - 6?
25
In base 9, what is 27 + -122?
-84
In base 3, what is 11 - 111210?
-111122
In base 2, what is -1101 - -110110?
101001
In base 5, what is 42 - 13?
24
In base 11, what is -5a8 - 3?
-600
In base 8, what is -316 + 0?
-316
In base 7, what is -2 + -106?
-111
In base 5, what is 1021 - -34?
1110
In base 6, what is 13 - -533?
550
In base 11, what is -10 - 4?
-14
In base 2, what is 10 - 11101101?
-11101011
In base 16, what is 1 - 1d08?
-1d07
In base 13, what is -5 - 525?
-52a
In base 11, what is 6138 + 1?
6139
In base 14, what is -d + -6?
-15
In base 4, what is 11 + -13223?
-13212
In base 16, what is -87 - -5?
-82
In base 5, what is 31 + 310?
341
In base 6, what is 11 + -21?
-10
In base 5, what is 0 + 11233?
11233
In base 6, what is 20 + -3?
13
In base 3, what is 100011101 + 0?
100011101
In base 16, what is 5 - -83?
88
In base 2, what is 1101 + 110010010?
110011111
In base 10, what is 122 - 5?
117
In base 12, what is 4b - 3?
48
In base 16, what is -2 - -144?
142
In base 9, what is 144 + 11?
155
In base 9, what is -202 + 64?
-127
In base 15, what is 2a8 + 0?
2a8
In base 3, what is -120 - -10202?
10012
In base 6, what is -52 - -53?
1
In base 5, what is -1140 + -13?
-1203
In base 8, what is 127 + 74?
223
In base 12, what is -41 + 0?
-41
In base 12, what is -1 - -4809?
4808
In base 13, what is 5 + -47c?
-477
In base 16, what is -47 + 1?
-46
In base 12, what is 7 - -149?
154
In base 16, what is -99 + 1?
-98
In base 14, what is -4 + -7c?
-82
In base 7, what is -5 - 10512?
-10520
In base 16, what is 350 + -13?
33d
In base 16, what is -6 - -238?
232
In base 15, what is -370 - 3?
-373
In base 5, what is 0 - -1404?
1404
In base 2, what is -110 - 1010111101?
-1011000011
In base 14, what is 467 - -6?
46d
In base 5, what is 10201 - -10?
10211
In base 11, what is 1 - -28?
29
In base 3, what is -20 - 100002?
-100022
In base 16, what is 2 - -9ad?
9af
In base 16, what is 5 + -62?
-5d
In base 4, what is 3232 + 3?
3301
In base 7, what is 4 + -14?
-10
In base 10, what is 3 + -214?
-211
In base 12, what is 133 + -5?
12a
In base 10, what is -321 + 1?
-320
In base 12, what is -3 - -355?
352
In base 7, what is -4 - 1040?
-1044
In base 9, what is 5 - 72?
-66
In base 4, what is -10 - 112323?
-112333
In base 8, what is 6 - 107?
-101
In base 6, what is -102 + -12?
-114
In base 12, what is 86 - -16?
a0
In base 9, what is 84 - -4?
88
In base 13, what is -53 + 170?
11a
In base 9, what is -4 + 114?
110
In base 15, what is 2 + -2e9?
-2e7
In base 4, what is -11 + -321?
-332
In base 15, what is -145 - 11?
-156
In base 4, what is -11001 - -11?
-10330
In base 12, what is -b69b + -1?
-b6a0
In base 8, what is 2 + -277?
-275
In base 6, what is -115 + 5?
-110
In base 5, what is 440 - 224?
211
In base 11, what is 1a5 - 10?
195
In base 14, what is b2 + 14?
c6
In base 7, what is 4 + -11150?
-11143
In base 8, what is -152 - -123?
-27
In base 3, what is 1 + -212?
-211
In base 9, what is 116 - 3?
113
In base 8, what is -250 - -15?
-233
In base 14, what is 3 + -11?
-c
In base 8, what is -4 + 530?
524
In base 14, what is -2 + 19?
17
In base 15, what is -5 - -1d1?
1cb
In base 5, what is 1031 + 4?
1040
In base 6, what is 1412 + 10?
1422
In base 16, what is -5 - 13fa?
-13ff
In base 9, what is 3886 - -1?
3887
In base 2, what is -1011 + -11000111?
-11010010
In base 16, what is -73 - -34?
-3f
In base 10, what is -7 + 218?
211
In base 3, what is 1212000 + 1?
1212001
In base 4, what is 201 - 11301?
-11100
In base 16, what is -5 + -15?
-1a
In base 9, what is 17225 + -5?
17220
In base 12, what is 2b - -6?
35
In base 9, what is -8 + -7?
-16
In base 7, what is -4 + 2?
-2
In base 6, what is 4 - 1332?
-1324
In base 16, what is -6 + -7d?
-83
In base 6, what is -11145 + -3?
-11152
In base 3, what is 1 - 120?
-112
In base 6, what is 0 + -50?
-50
In base 13, what is 49 + 0?
49
In base 11, what is 6107 - -1?
6108
In base 8, what is -4606 - 4?
-4612
In base 9, what is -27 - 37?
-65
In base 14, what is -38 - 260?
-298
In base 13, what is 43 + -8?
38
In base 2, what is -11111100 - -10?
-11111010
In base 9, what is 1 + -34?
-33
In base 12, what is 2 + -85?
-83
In base 11, what is 3 + -349?
-346
In base 8, what is -665 - 34?
-721
In base 2, what is 110001011 + 1001?
110010100
In base 8, what is 50 + -146?
-76
In base 11, what is -3 - -4a5?
4a2
In base 15, what is 74b + 1?
74c
In base 3, what is 12 + -111022?
-111010
In base 8, what is 31104 + -3?
31101
In base 3, what is -10 + -221022?
-221102
In base 11, what is 2 + -58?
-56
In base 11, what is -2 + -21?
-23
In base 2, what is -111 - -1010101010?
1010100011
In base 12, what is 5 + 1b?
24
In base 7, what is 4256 - 4?
4252
In base 15, what is c + -3c?
-30
In base 10, what is -75 + -7?
-82
In base 9, what is -67 - 6?
-74
In base 7, what is 2 + -1145?
-1143
In base 13, what is 1829 - -3?
182c
In base 13, what is -143 - -3?
-140
In base 4, what is -1203 - -1?
-1202
In base 16, what is 1 - 76?
-75
In base 3, what is 1010 - 101?
202
In base 7, what is -3 - -554?
551
In base 7, what is 16463 + 2?
16465
In base 9, what is -1700 - 5?
-1705
In base 11, what is -25 + 5?
-20
In base 12, what is -1 - -1a32?
1a31
In base 5, what is 124 + -10103?
-4424
In base 15, what is 32 - -1c9?
20b
In base 15, what is -4 + 49?
45
In base 14, what is 3d - -3?
42
In base 8, what is -1 - -277?
276
In base 8, what is 101 - -12?
113
In base 3, what is -2121 + 12?
-2102
In base 10, what is -2 - -437?
435
In base 13, what is b + 14?
22
In base 16, what is -946 - c?
-952
In base 12, what is -30a - 2?
-310
In base 12, what is -48 + -11?
-59
In base 5, what is -2304 - 10?
-2314
In base 14, what is -2d - 17?
-46
In base 6, what is 253 - 21?
232
In base 15, what is -954 - 4?
-958
In base 10, what is 312 - 30?
282
In base 14, what is -5 - 40?
-45
In base 5, what is 0 + -1011?
-1011
In base 12, what is 1 - 1399?
-1398
In base 12, what is 1 + -2370?
-236b
In base 2, what is 10011001110 + 1011?
10011011001
In base 12, what is 2876 - -1?
2877
In base 15, what is -8e2 + -2?
-8e4
In base 6, what is 5 + -22?
-13
In base 11, what is 5a - 120?
-71
In base 9, what is -1665 - -2?
-1663
In base 7, what is -1 + 261?
260
In base 2, what is -100 + 11001100011?
11001011111
In base 16, what is -5 + 162?
15d
In base 9, what is 151 + 1?
152
In base 13, what is -213 - 4?
-217
In base 3, what is 10011